{"id":10296,"date":"2020-01-16T10:21:55","date_gmt":"2020-01-16T10:21:55","guid":{"rendered":"http:\/\/ostau-occitan.org\/?post_type=event&#038;p=10296"},"modified":"2020-01-16T17:09:48","modified_gmt":"2020-01-16T17:09:48","slug":"conference-les-pyreneistes-et-loccitan-avec-des-exemples-tires-de-la-toponymie-pyreneenne","status":"publish","type":"event","link":"https:\/\/ostau-occitan.org\/oc\/event\/conference-les-pyreneistes-et-loccitan-avec-des-exemples-tires-de-la-toponymie-pyreneenne\/","title":{"rendered":"conf\u00e9rence &#8220;Les Pyr\u00e9n\u00e9istes et l&#8217;occitan, avec des exemples tir\u00e9s de la toponymie pyr\u00e9n\u00e9enne&#8221;"},"content":{"rendered":"","protected":false},"author":0,"featured_media":10294,"menu_order":0,"template":"","meta":{"_uag_custom_page_level_css":"","site-sidebar-layout":"default","site-content-layout":"","ast-site-content-layout":"default","site-content-style":"default","site-sidebar-style":"default","ast-global-header-display":"","ast-banner-title-visibility":"","ast-main-header-display":"","ast-hfb-above-header-display":"","ast-hfb-below-header-display":"","ast-hfb-mobile-header-display":"","site-post-title":"","ast-breadcrumbs-content":"","ast-featured-img":"","footer-sml-layout":"","ast-disable-related-posts":"","theme-transparent-header-meta":"","adv-header-id-meta":"","stick-header-meta":"","header-above-stick-meta":"","header-main-stick-meta":"","header-below-stick-meta":"","astra-migrate-meta-layouts":"default","ast-page-background-enabled":"default","ast-page-background-meta":{"desktop":{"background-color":"var(--ast-global-color-4)","background-image":"","background-repeat":"repeat","background-position":"center center","background-size":"auto","background-attachment":"scroll","background-type":"","background-media":"","overlay-type":"","overlay-color":"","overlay-opacity":"","overlay-gradient":""},"tablet":{"background-color":"","background-image":"","background-repeat":"repeat","background-position":"center center","background-size":"auto","background-attachment":"scroll","background-type":"","background-media":"","overlay-type":"","overlay-color":"","overlay-opacity":"","overlay-gradient":""},"mobile":{"background-color":"","background-image":"","background-repeat":"repeat","background-position":"center center","background-size":"auto","background-attachment":"scroll","background-type":"","background-media":"","overlay-type":"","overlay-color":"","overlay-opacity":"","overlay-gradient":""}},"ast-content-background-meta":{"desktop":{"background-color":"var(--ast-global-color-5)","background-image":"","background-repeat":"repeat","background-position":"center center","background-size":"auto","background-attachment":"scroll","background-type":"","background-media":"","overlay-type":"","overlay-color":"","overlay-opacity":"","overlay-gradient":""},"tablet":{"background-color":"var(--ast-global-color-5)","background-image":"","background-repeat":"repeat","background-position":"center center","background-size":"auto","background-attachment":"scroll","background-type":"","background-media":"","overlay-type":"","overlay-color":"","overlay-opacity":"","overlay-gradient":""},"mobile":{"background-color":"var(--ast-global-color-5)","background-image":"","background-repeat":"repeat","background-position":"center center","background-size":"auto","background-attachment":"scroll","background-type":"","background-media":"","overlay-type":"","overlay-color":"","overlay-opacity":"","overlay-gradient":""}},"footnotes":""},"event_cat":[],"class_list":["post-10296","event","type-event","status-publish","has-post-thumbnail","hentry"],"translation":{"provider":"WPGlobus","version":"3.0.2","language":"oc","enabled_languages":["fr","oc"],"languages":{"fr":{"title":true,"content":false,"excerpt":false},"oc":{"title":false,"content":false,"excerpt":false}}},"uagb_featured_image_src":{"full":["https:\/\/ostau-occitan.org\/wp-content\/uploads\/2020\/01\/col-aspin-1080x640.jpg",1080,640,false],"thumbnail":["https:\/\/ostau-occitan.org\/wp-content\/uploads\/2020\/01\/col-aspin-1080x640-150x150.jpg",150,150,true],"medium":["https:\/\/ostau-occitan.org\/wp-content\/uploads\/2020\/01\/col-aspin-1080x640-300x178.jpg",300,178,true],"medium_large":["https:\/\/ostau-occitan.org\/wp-content\/uploads\/2020\/01\/col-aspin-1080x640-768x455.jpg",768,455,true],"large":["https:\/\/ostau-occitan.org\/wp-content\/uploads\/2020\/01\/col-aspin-1080x640-1024x607.jpg",1024,607,true],"1536x1536":["https:\/\/ostau-occitan.org\/wp-content\/uploads\/2020\/01\/col-aspin-1080x640.jpg",1080,640,false],"2048x2048":["https:\/\/ostau-occitan.org\/wp-content\/uploads\/2020\/01\/col-aspin-1080x640.jpg",1080,640,false]},"uagb_author_info":{"display_name":"","author_link":"https:\/\/ostau-occitan.org\/oc\/author\/"},"uagb_comment_info":0,"uagb_excerpt":null,"_links":{"self":[{"href":"https:\/\/ostau-occitan.org\/oc\/wp-json\/wp\/v2\/event\/10296","targetHints":{"allow":["GET"]}}],"collection":[{"href":"https:\/\/ostau-occitan.org\/oc\/wp-json\/wp\/v2\/event"}],"about":[{"href":"https:\/\/ostau-occitan.org\/oc\/wp-json\/wp\/v2\/types\/event"}],"version-history":[{"count":0,"href":"https:\/\/ostau-occitan.org\/oc\/wp-json\/wp\/v2\/event\/10296\/revisions"}],"wp:featuredmedia":[{"embeddable":true,"href":"https:\/\/ostau-occitan.org\/oc\/wp-json\/wp\/v2\/media\/10294"}],"wp:attachment":[{"href":"https:\/\/ostau-occitan.org\/oc\/wp-json\/wp\/v2\/media?parent=10296"}],"wp:term":[{"taxonomy":"event_cat","embeddable":true,"href":"https:\/\/ostau-occitan.org\/oc\/wp-json\/wp\/v2\/event_cat?post=10296"}],"curies":[{"name":"wp","href":"https:\/\/api.w.org\/{rel}","templated":true}]}}

conférence &#8220;Les Pyrénéistes et l&#8217;occitan, avec des exemples tirés de la toponymie pyrénéenne&#8221;
